 + 10751. List the prime factors of h(-6).
113, 127
Let r be 5/10 + (-38)/(-4). Let u = 18 - r. List the prime factors of (-507)/(-12) + (-2)/u.
2, 3, 7
Suppose -19*r + 9224 = 1586 - 5776. What are the prime factors of r?
2, 353
Suppose 0 = -378*f + 418*f - 1019520. List the prime factors of f.
2, 3, 59
Let x = 103 + -93. Let j = 285 + x. What are the prime factors of j?
5, 59
Let s be (2 - 0)/2 + 4/1. Suppose -f + 14 = 3*a, 3*f - s = a + 7. Suppose 0 = 2*y + 5*v - 170, -4*y + 340 = v - f*v. List the prime factors of y.
5, 17
List the prime factors of ((-20)/8)/(315/(-10054674)).
199, 401
Suppose -25*u = -c - 22*u - 4, 37 = 5*c + 4*u. Let d(b) = -4*b + 42. What are the prime factors of d(c)?
2, 11
Let o(l) = -5*l**3 + 8*l**2 - 73*l - 35. Let u(h) = h**3 - 2*h**2 + 18*h + 9. Let n(w) = 2*o(w) + 9*u(w). What are the prime factors of n(-6)?
59
Let x(y) be the second derivative of y**4/6 - 10*y**3/3 - 24*y**2 + 62*y. What are the prime factors of x(-14)?
2, 3, 13
Suppose 1647 = 4*o + x, -3*x = 2*o + 3*o - 2057. Let y = o - 201. Let a = y + -65. What are the prime factors of a?
2, 73
Let o be (79 - 2)*(-150)/(-35). Suppose o = -2*r + 4*r + 4*w, -330 = -2*r + 5*w. List the prime factors of r.
3, 5, 11
Let v(f) = -18838*f + 6138. What are the prime factors of v(-3)?
2, 3, 23, 227
Suppose 23*j + 28 = 166. Let f(g) = -9*g + 168. What are the prime factors of f(j)?
2, 3, 19
Let j(v) = 10*v**2 - 18*v + 97. What are the prime factors of j(8)?
593
Suppose 7*r - 3*r = -4*w + 32, -3*w - 4*r + 29 = 0. Suppose -473 = 76*h - 777. Suppose -w*y = h*i - 4*y - 512, -2*i - 4*y = -274. List the prime factors of i.
3, 43
Suppose 9844 = 3*r - 8*t + 13*t, -5*t = -25. Suppose -10*b = -r - 3047. What are the prime factors of b?
2, 79
Suppose -6*j = -541 + 1837. What are the prime factors of (-2588)/(-6) - j/(-162)?
2, 5, 43
Let c(n) = 21*n - 2*n**2 + 223 + 2*n - 437 - 2*n**3 + 254 + n**2. List the prime factors of c(-9).
2, 5, 11
Suppose -u = 2, 5*c = 5*u + 48 + 132. Suppose 0 = 33*y - c*y + 137. What are the prime factors of y?
137
Let c(w) be the first derivative of 5*w**3/3 + 2*w**2 + 3*w - 4533. Suppose 3*d = -12 + 3. What are the prime factors of c(d)?
2, 3
Let r(f) = -9*f + 6. Let k be r(-1). Let c be 103/k + ((-56)/60)/(-7). Suppose -c*a = 289 - 891. List the prime factors of a.
2, 43
Let n be (5943 - -89) + -1*1. Suppose 4112 = 21*s - n. What are the prime factors of s?
3, 7, 23
What are the prime factors of 50948 - (13 - (2/11 - 384/(-66)))?
11, 421
Let n be 47/(-3) + (-57)/171. Let a(b) = 15*b**2 + b**3 - 41 + 20 - 24*b - 21. List the prime factors of a(n).
2, 43
Let z(u) = u**3 + 2*u - 1. Let t(q) = 6*q**3 - 5*q**2 + 7*q + 53. Let c(k) = t(k) - 5*z(k). What are the prime factors of c(9)?
5, 71
Let w be (-2)/(-3) - 728/12. Let x = -54 - w. Suppose x*k - 12 = 6. What are the prime factors of k?
3
Let c = -1429 - -2992. What are the prime factors of c?
3, 521
Let u(p) = 2*p**3 - 62*p**2 - 3*p + 97. Let l be u(31). Suppose 2*n - 570 = -l*t - 68, -3*t = 2*n - 374. List the prime factors of t.
2
Suppose 22*p - 28*p = -15024. Let f = -1626 - p. List the prime factors of f/(-30) + 2/(-3) + -3.
2, 67
Let c be ((-2)/3)/((-14)/12579). What are the prime factors of -7 + 2 + (c - 33)?
3, 11, 17
Suppose 5*v - 2*w - 137 = -2, w + 5 = 0. Suppose -v*o - 7809 = -44*o. List the prime factors of o.
3, 137
Let n(o) = 419*o - 52. List the prime factors of n(9).
3719
Let r be ((-1 - -7) + 4)*(-6)/(-15). Suppose 0 = -2*c - 9 + 13, a - 381 = -r*c. What are the prime factors of a?
373
Suppose 5*k + 30 = -5*x, 5*k = x + 2*k - 14. Let z be 1/x + (-1 - (-655)/(-5)). Let d = z - -225. What are the prime factors of d?
2, 23
Let l = 6293 + -2683. What are the prime factors of l?
2, 5, 19
Suppose 0 = -9*p + 65*p - 111440. What are the prime factors of p?
2, 5, 199
Suppose 0 = 4*o - 1991 + 743. Let z = 4777 + -4777. Suppose z = -2*f + o + 186. What are the prime factors of f?
3, 83
Let k = -2 + 4. Suppose 3*j = k*b + 17, -j = j - 2*b - 12. Suppose 245 = j*c - 0*c. List the prime factors of c.
7
Let l = 210653 - 142610. List the prime factors of l.
3, 37, 613
Let i = -91 + 101. Suppose 9225 = i*o + 5*o. What are the prime factors of o?
3, 5, 41
Let d be -3 + 140/6 + 6/9. Suppose d*z - 15 = 16*z. Suppose 5*q = z*q, -215 = -5*c + 4*q. What are the prime factors of c?
43
Suppose -3*c = -2*c - 5. Let j(t) = 3*t**2 + 8*t + 16. Let i be j(-3). Suppose -c*h - 10 = 0, 4*h - 104 = -d - i. List the prime factors of d.
3, 31
Let p be 15 + (392/7)/(-8). What are the prime factors of (2/(p/(-530)))/((-1)/2)?
5, 53
Suppose -5*j - 23 = -2*i, -2*i = -5*i + j + 15. Suppose -13*s + 22 = -i. Suppose -2*u - 5*a = -81, s*u - 195 = -2*u + a. List the prime factors of u.
2, 3
Let a be 2*(-7)/21*-30. Suppose a = -4*c, 3*f + 10*c - 1786 = 12*c. List the prime factors of f.
2, 37
Suppose -y - 5*f + 3*f + 4238 = 0, 2*y = 4*f + 8500. What are the prime factors of y?
2, 1061
Let p = 33914 - 276. What are the prime factors of p?
2, 11, 139
Let g(c) = 524*c - 165. What are the prime factors of g(8)?
4027
List the prime factors of 12/(156/143) - -149.
2, 5
Suppose 2*v - 4*u = 0, 4*v + 2*u = -u. Suppose v = 3*m - m - 2*z - 4, -4*z + 46 = 5*m. Suppose 0 = m*x - 62 - 172. List the prime factors of x.
3, 13
Let b be -4 + 30/6 + -5. Let k(m) = 26*m**2 + 20*m. What are the prime factors of k(b)?
2, 3, 7
Let l(z) = -21 - 53 + 66*z - 97*z. What are the prime factors of l(-30)?
2, 107
Suppose 5011 = z + 733. Suppose 15*y - 8157 = z. What are the prime factors of y?
829
Let b(r) = 37*r - 40. Let w be b(8). Let g = w + -40. List the prime factors of g.
2, 3
Let x(m) = -3*m**3 - 3*m**2 + 6*m - 4. Let a(c) = c**3 - c - 1. Let s(y) = 2*a(y) + x(y). What are the prime factors of s(-5)?
2, 3
Suppose -23 = -2*g - 3*r + 7730, 0 = -4*r + 12. List the prime factors of g.
2, 11
Suppose 671 = 2*w + 3*c, -2*w + 3*w - 329 = 5*c. Let o = 908 - w. List the prime factors of o.
2, 7, 41
List the prime factors of 95013/(-27)*(1 + 0)*-9.
3, 17, 23
Suppose l = 11*l - 210. Suppose l = -10*o - 69. Let k(u) = u**3 + 10*u**2 - 9*u - 19. What are the prime factors of k(o)?
11, 13
Let h be (-3*1/9)/(5/(-9465)). Suppose -17*p + 1086 = -h. What are the prime factors of p?
101
Suppose -789 + 277 = -8*f. List the prime factors of f.
2
Let i(m) be the first derivative of 4*m**3/3 + 5*m**2/2 - 18*m + 27. Let g be i(-9). Suppose t - 105 - 48 = 5*k, -2*t - 5*k = -g. List the prime factors of t.
2, 3, 23
What are the prime factors of (-663)/(-26)*(2596/12 + 1)?
2, 17, 163
Let z(i) = 194*i**2 - 341*i. What are the prime factors of z(-3)?
3, 13, 71
Suppose -2*m + 41883 = 3*y + 4109, y - 5*m = 12580. What are the prime factors of y?
2, 5, 1259
Let m(y) = 19*y**2 - 350*y - 8271. What are the prime factors of m(-24)?
3, 3691
Let o = 590 + -584. Suppose -o*c = 2*c - 6152. List the prime factors of c.
769
List the prime factors of (-31496)/(-5) + 3/10*8/(-12).
6299
Suppose q = -l - 150, -4*q - 600 = 8*l - 3*l. Let z(t) = -t**3 - 62*t**2 - 64*t - 266. Let j be z(-61). Let g = j - q. What are the prime factors of g?
67
Suppose 29*c - 89*c = -38*c - 433070. What are the prime factors of c?
5, 31, 127
Let g be (243/(-15))/(3/(-15)). What are the prime factors of 3*621/(g/9)?
3, 23
Suppose 4*t - 129 = -3*r, -2*t = -3*r - 0*t + 147. Let n be 6 + -2 + r/(-1). Let p = n + 86. What are the prime factors of p?
43
Let i(f) = -6*f**3 + 16*f**2 - 7*f - 3. Let h be i(8). What are the prime factors of (-43)/(h/39270) + 8/14?
2, 401
Suppose -62*p - 4*u - 5238 = -63*p, -4*p = -2*u - 21022. What are the prime factors of p?
2, 11, 239
Suppose -2765753 = -26*n - 79*n + 3212947. List the prime factors of n.
2, 3, 5, 13, 73
Suppose 33158 + 27427 = 35*k. What are the prime factors of k?
3, 577
Suppose -13*w = -10*w - 84. Let f(r) = 3*r**2 - 12*r - 9*r + w*r + 29*r + 23. List the prime factors of f(-16).
5, 43
Let v(d) be the third derivative of -113*d**4/24 + d**3/3 + 4*d**2 + 5. List the prime factors of v(-2).
2, 3, 19
Suppose 0 = 4*w + 5*f - 6006 - 99056, -157644 = -6*w + f. List the prime factors of w.
13, 43, 47
Let o(n) = -n**2 + 8*n - 21. Let r be o(8). What are the prime factors of 154 + (7/r)/(1/3)?
3, 17
Let c = -117 + 108. Let p(m) = -57*m - 58. What are the prime factors of p(c)?
5, 7